ors of s.
2, 5, 7
Let a(j) = -j + 2. Suppose -5*c + 53 = -4*t + 19, -t = -5*c + 31. Let i be a(c). Let p(m) = -2*m + 3. What are the prime factors of p(i)?
11
Let u(s) = -s - 1. Let t(k) = 17*k + 36. Let v(a) = -t(a) - 3*u(a). What are the prime factors of v(-6)?
3, 17
Suppose 2*j - 4*j = -134. Suppose 4*t + j = -3*v, 5*t + 0*v = -4*v - 84. Let n = t - -29. What are the prime factors of n?
13
Let v be (1*(3 - 22))/(-5 + 4). Suppose 5*s - v*s + 1428 = 0. List the prime factors of s.
2, 3, 17
Suppose -4*b + 4 = -8. Suppose -3*d + 5*a + 17 = 0, -2*d + a - b*a + 6 = 0. Suppose -d*g + 229 = 4*j - 3*g, j = -3*g + 60. What are the prime factors of j?
3, 19
Suppose -4*u = 2*u + u. List the prime factors of (4 - (u - -181))/(-1).
3, 59
Suppose h + 10580 = 4*s, 3*s = -2*h + 5159 + 2776. List the prime factors of s.
5, 23
Let r(d) = -d**3 + 16*d**2 - 15*d + 1. Let w be r(15). Let h = 5 - w. Suppose -h*s - s = -125. What are the prime factors of s?
5
Suppose -82*t + 89*t = 32228. What are the prime factors of t?
2, 1151
What are the prime factors of ((-4)/(-12))/(3/(-72522)*-6)?
17, 79
Let z be -6 + (-2 - 2) - -2. List the prime factors of (-15)/12 - 586/z.
2, 3
Suppose 2079 = 16*z - 1233. List the prime factors of z.
3, 23
Let m = 13 + -16. Let d(y) = -47*y + 27. What are the prime factors of d(m)?
2, 3, 7
Let k be 2 - 0 - (1 + -2). Let a be -2 + -4 + 0 + k. What are the prime factors of 2 + a/(-1) + -2?
3
Let x = -410 + 668. Let a = x + -142. What are the prime factors of a?
2, 29
Let o = -38 + 301. What are the prime factors of o?
263
Suppose 6*k - 2275 = -k. What are the prime factors of k?
5, 13
Let j(o) = 495*o - 162. List the prime factors of j(4).
2, 3, 101
Let r(t) = -61*t. What are the prime factors of r(-3)?
3, 61
Let v(u) = u**2 - 7. Suppose -3*i + 20 = 2*i. What are the prime factors of v(i)?
3
Suppose -4*t - d - 98 = 37, 0 = 2*t + 4*d + 50. List the prime factors of (32/5)/((-14)/t).
2
Let y(u) be the second derivative of u**3/3 - 2*u**2 + 3*u. Let p = 18 - 8. What are the prime factors of y(p)?
2
Suppose 78676 = 173*z - 121*z. What are the prime factors of z?
17, 89
Suppose -2*r - 12 = 28. What are the prime factors of (-1608)/r - (-6)/(-15)?
2, 5
Let g be (-6)/4*70/21. List the prime factors of 380/(-8)*6/g.
3, 19
Let b(x) = x + 30. Let m be b(-16). Suppose -63 = -m*r + 119. What are the prime factors of r?
13
Let u(k) = 27*k - 1. Let y(w) = w**3 + 6*w**2 - w - 2. Let f be y(-6). Suppose 0 - 4 = -f*t. What are the prime factors of u(t)?
2, 13
Let c = -25 + 43. What are the prime factors of 3385/45 + (-4)/c?
3, 5
Let u = 49 - 46. Suppose 2*f + 3*f - r = 968, -2*f + 382 = -u*r. What are the prime factors of f?
2, 97
Let c(a) = -34*a**3 - 2*a - 3. List the prime factors of c(-2).
3, 7, 13
Let g = -181 - -207. What are the prime factors of g?
2, 13
Suppose -4*u = -288 - 2820. What are the prime factors of u?
3, 7, 37
Suppose 0 = b - 138 - 57. List the prime factors of b.
3, 5, 13
Let k = 714 - 331. Suppose -30 = -7*f + k. List the prime factors of f.
59
Let o(l) = -l**3 + 4*l**2 + 89*l - 16. List the prime factors of o(-11).
2, 5, 41
Let h(p) = -p**3 + 7*p**2 + 9*p - 6. Let v be h(8). Suppose -4*m = -2*x - 82, -x = -v*x - 5. List the prime factors of m.
2, 3
Suppose 4*c = 2*c - u + 1815, 5*c + 2*u - 4540 = 0. What are the prime factors of c?
2, 5, 7, 13
Suppose -8 = -8*y + 24. Suppose s - 3*f - 62 = -4*f, -y*s - f = -236. Suppose 5*w - s = 3*w. List the prime factors of w.
29
Suppose r = -4*f - 152, 3*r - 5*f + 161 + 329 = 0. Let m = r - -2144. What are the prime factors of 2/(-13) + m/52?
2, 19
Let z = 23 - 23. Suppose -5*u + z*n + 3*n + 134 = 0, 0 = -4*u - n + 114. Let c = 61 - u. List the prime factors of c.
3, 11
Let a be 20/(-130) - (-262)/13. Let p = -13 + a. Suppose -5 = z, -2*z = -5*w - p*z + 85. List the prime factors of w.
2, 11
Let v(y) be the second derivative of -y**5/20 + 2*y**4/3 + 3*y**2/2 + 12*y. What are the prime factors of v(4)?
67
Let w(i) = i**3 + 5*i**2 - 2*i - 8. Suppose -3*u + 20 = -7*u. Let s be w(u). Suppose t - 6*t - 2*c + 77 = 0, 2*t = s*c + 42. What are the prime factors of t?
17
Let g(n) = -10 - 73*n**2 + 75*n**2 + 43 - 6*n. List the prime factors of g(4).
41
Suppose 2*j = 3*j - 2*c - 15, -5*c = -5*j + 50. Suppose -3 - 3 = -2*i. Suppose -3*q = -j*p - 31, 49 - i = 2*q + 3*p. What are the prime factors of q?
17
Let r(z) = -2*z + 6. Let y be r(2). Suppose 0*l - l = 3*v - 30, y*v + 106 = 4*l. List the prime factors of l.
3
Let l = 260 + 107. What are the prime factors of l?
367
What are the prime factors of 43/215 + ((-5578)/(-10) - 0)?
2, 3, 31
Let y(v) = -7*v - 12. Let m be y(-2). Suppose -b + 144 = m*b. What are the prime factors of b?
2, 3
Let d = 65 - 61. Suppose -2*q + 302 = -d*y, 137 = q - y + 6*y. What are the prime factors of q?
3, 7
Let y = 705 + 115. What are the prime factors of y?
2, 5, 41
Suppose 27 = 5*k + 2*c - 49, 3*c - 10 = -k. Suppose b = 47 - k. What are the prime factors of b?
31
Let b(o) = -o**3 - 7*o**2 - 6*o + 8. Let d be b(-6). Let t(h) = -h + 10. Let q be t(d). Let y = 3 + q. List the prime factors of y.
5
Suppose u = x + 3*x - 1, 3*u - 2*x - 7 = 0. Suppose -4*n - 44 = 2*o - u*o, -3*o = n - 80. List the prime factors of o.
2, 7
Let d(w) = -w**2 - 9*w + 2. Let o be d(-9). Suppose 7*r = o*r. Suppose 2*q - 6 - 38 = r. List the prime factors of q.
2, 11
Let v be (1 + 0)/(2/(-130)). Suppose -2*c + 368 = 2*c. Let w = c + v. What are the prime factors of w?
3
Suppose 3*w + 2*t = 57, -w + 2*t = t - 14. Suppose 2*y + 0*v + 22 = -4*v, v - w = 4*y. List the prime factors of 0 - (-3 + 2) - y.
2, 3
Let n(z) = -2*z - 13. Let o be n(-7). Suppose -3*p = -p - 2. List the prime factors of (o/p)/(3/117).
3, 13
Let p(r) = -6*r**3 + 2 + 5*r**3 - 6*r + 9*r**2 - 4*r + 2*r. Let m be p(8). Suppose 2 = -t + 3*z, m*t = -0*z - z + 31. What are the prime factors of t?
13
Let r be (6/(-1))/(18/(-12)). Suppose -20 = -r*t - t. Suppose 0 = 2*g - 0*g - 4*i - 54, -120 = -4*g + t*i. List the prime factors of g.
3, 11
Suppose 7*i = 2*i + 2*v + 10440, 5*i + 4*v = 10470. What are the prime factors of i?
2, 5, 11, 19
Suppose 2*b + 3*r - 110 = 4*r, -2*b = r - 114. Suppose -y = -2*f + b, 3*y = y. List the prime factors of f.
2, 7
Let f = -49 + 55. Let p(d) = 19*d + 28. What are the prime factors of p(f)?
2, 71
Let w = -121 + 267. What are the prime factors of w?
2, 73
What are the prime factors of ((-75)/4)/(39/(-364))?
5, 7
Let w = -18 + 30. Suppose 3*b - 35 = -2*b. Suppose -185 = -w*l + b*l. What are the prime factors of l?
37
Let x = 37 - -8. Suppose 0 = -0*z - 2*z + 6. Suppose 20 = q + w, -q - z*w = -5*q + x. List the prime factors of q.
3, 5
Let t(k) = k + 7. Let o be t(-7). Suppose 6*a = -o*a. Suppose a*v - 3*v = -159. What are the prime factors of v?
53
Let j be 87/27 + 8/(-36). Suppose 5*q + 355 = 5*p, -4*q + j*q = 2*p - 133. Suppose -l + p = 3*l. List the prime factors of l.
17
Let g(p) = -5*p + 105. List the prime factors of g(-25).
2, 5, 23
Let a(d) = d**3 + 38*d - 76. List the prime factors of a(12).
2, 17, 31
Let d = -581 + 2796. List the prime factors of d.
5, 443
Let q be (1 + 0)/(3/72). Let g = 1 + q. Suppose g = 8*a - 3*a. List the prime factors of a.
5
Let c be (4/(-6))/(22/165). Let p(q) = -3*q + 15. What are the prime factors of p(c)?
2, 3, 5
Suppose 2*i = -3*p + 18, 0 = 4*p - p + 3*i - 21. Suppose p*c = -3*z + 27, -z - 2*c = 4*z - 31. Suppose 34 = d + z. List the prime factors of d.
29
Let k be (0 - 1) + -3 + 3. Let b be 0*k/3 - 1. What are the prime factors of (8/12)/(b/(-3))?
2
Let f(m) = 2*m**2 - 8*m + 1. Suppose h + 5 = 2*h + 5*c, h - 5 = 5*c. Let v(a) = -a**2 + 5*a + 6. Let u be v(h). What are the prime factors of f(u)?
5
Let s = -13 - 1. Let f(q) = -q**2 - 16*q + 10. What are the prime factors of f(s)?
2, 19
Let h(p) = 2*p**3 - 2*p**2 - 3*p + 3. Let x be ((-12)/(-9))/((-2)/(-3)). Let r be h(x). Let i(o) = -o**3 + 6*o**2 - 3*o - 6. What are the prime factors of i(r)?
2
Suppose 5*h + 2*o - 6283 = 0, 3*o - 3211 - 1814 = -4*h. What are the prime factors of h?
3, 419
Let w(r) = -18*r**3 - 9*r**2 + 14*r + 10. What are the prime factors of w(-5)?
3, 5, 131
Let o(w) = w**2 + 23*w + 66. Let p be o(-3). Let n be 99 - 1 - 4/(-2). Suppose n = p*d - 4*d. List the prime factors of d.
2, 5
Let c(g) = 390*g - 494. Li